{"id":820,"date":"2014-12-01T08:16:24","date_gmt":"2014-12-01T08:16:24","guid":{"rendered":"https:\/\/sustaffor.eu\/?page_id=820"},"modified":"2015-10-27T14:45:06","modified_gmt":"2015-10-27T14:45:06","slug":"820-2","status":"publish","type":"page","link":"https:\/\/sustaffor.eu\/?page_id=820","title":{"rendered":"Fases del Proyecto"},"content":{"rendered":"<p><b><a href=\"https:\/\/sustaffor.eu\/wp-content\/uploads\/2013\/12\/esquema.png\"><img decoding=\"async\" loading=\"lazy\" class=\"alignleft size-full wp-image-298\" style=\"margin: 10px;\" alt=\"esquema\" src=\"https:\/\/sustaffor.eu\/wp-content\/uploads\/2013\/12\/esquema.png\" width=\"200\" height=\"448\" \/><\/a><\/b><\/p>\n<p>La <b>GESTI\u00d3N<\/b>\u00a0se organiza a trav\u00e9s del\u00a0<b>WP1 &#8211; Coordinaci\u00f3n<\/b>, dirigido por el coordinador del proyecto (CTFC). Esta fase (WP) es transversal a todas las actividades del proyecto y en ella participan todos los miembros del consorcio.\u00a0Con ello, se garantiza el cumplimiento adecuado y eficiente del plan de trabajo, entre los diferentes miembros del consorcio.<\/p>\n<p><strong>La <\/strong><strong>I + D<\/strong>\u00a0es la actividad principal del proyecto SUSTAFFOR.\u00a0Comienza con\u00a0<b>WP2 &#8211; Desarrollo de nuevas t\u00e9cnicas<\/b>, coordinado por Centexbel y en el que participan todas las PYMEs, con el apoyo del CTFC.\u00a0Durante este WP se producen diferentes prototipos de las nuevas t\u00e9cnicas (composiciones, formatos, procesos de producci\u00f3n industrial, etc) en base a los requisitos t\u00e9cnicos buscados.\u00a0Estos modelos se someten a ensayos mec\u00e1nicos y pruebas de degradaci\u00f3n acelerada con el fin de determinar la\u00a0 versi\u00f3n optimizada de cada t\u00e9cnica. Esta versi\u00f3n optimizada es la que se utiliza para su estudio detallado en condiciones de campo en el <b>WP3 &#8211; Ensayos de campo: dise\u00f1o e implementaci\u00f3n<\/b>:\u00a0Este WP est\u00e1 coordinado por el CTFC y consiste en la evaluaci\u00f3n del\u00a0funcionamiento y eficacia\u00a0de la versi\u00f3n optimizada de cada nueva t\u00e9cnica, que es comparada con t\u00e9cnicas de referencia (es decir, aquellas que actualmente se aplican en reforestaci\u00f3n) en t\u00e9rminos de\u00a0vigor del \u00e1rbol\u00a0y efectos sobre\u00a0el suelo. Tambi\u00e9n se estudia la\u00a0durabilidad\u00a0y\u00a0degradaci\u00f3n de las t\u00e9cnicas.\u00a0Los ensayos de campo consisten en una red de 8 plantaciones dise\u00f1adas en base a un dise\u00f1o experimental con objetivo cient\u00edfico, distribuidas en cuatro condiciones ambientales claramente contrastadas.\u00a0Con el fin de poder extraer conclusiones sobre el funcionamiento de cada t\u00e9cnica, los resultados recopilan en el\u00a0<b>WP4 &#8211; Monitoreo de los ensayos de campo<\/b>, coordinado por Edma y realizado junto con el CTFC. Este WP busca recopilar datos relacionados con las variables de clima, suelo y\u00a0planta\u00a0(crecimiento, estado vegetativo, etc) m\u00e1s relevantes.\u00a0El \u00faltimo WP de esta Actividad (<b>WP5 &#8211; An\u00e1lisis de laboratorio<\/b>) est\u00e1 coordinado por el CNRS y pretende estudiar los cambios bioqu\u00edmicos de la materia org\u00e1nica del suelo, as\u00ed como analizar\u00a0compuestos espec\u00edficos\u00a0liberados durante la degradaci\u00f3n de las nuevas t\u00e9cnicas.\u00a0Tambi\u00e9n participa en este WP el CTFC (caracterizaci\u00f3n de las variables del suelo m\u00e1s relacionadas con\u00a0la disponibilidad de agua y la fertilidad) y Centexbel (an\u00e1lisis de\u00a0las propiedades f\u00edsicas\u00a0y durabilidad de los mulch).<\/p>\n<p><b>DEMOSTRACI\u00d3N<\/b>: estas actividades se llevan a cabo durante el\u00a0<b>WP6: Definici\u00f3n de los productos comerciales finales<\/b>. Las actividades mencionadas de I+D permiten a las PYMEs productoras de las nuevas t\u00e9cnicas preparar una\u00a0versi\u00f3n final de cada una, que se producir\u00e1 con fines pre-comerciales, incluyendo protocolos de instalaci\u00f3n y recomendaciones de uso.<\/p>\n<p><b>OTRAS ACTIVIDADES<\/b>: aqu\u00ed se incluye la gesti\u00f3n de los resultados que surjan de las actividades de I+D, organizada en el\u00a0<b>WP7 \u2013 Gesti\u00f3n de resultados del proyecto: Difusi\u00f3n, Formaci\u00f3n y Explotaci\u00f3n<\/b>.\u00a0WP7 est\u00e1 coordinado por Terrezu y participan en \u00e9l todas las PYMEs, apoyadas por CTFC, CNRS y Centexbel en la preparaci\u00f3n y difusi\u00f3n de los productos de diseminaci\u00f3n de resultados.\u00a0La etapa clave del WP7 es la preparaci\u00f3n del\u00a0Plan de Uso y Difusi\u00f3n de Resultados\u00a0(PUDF), que incluye aspectos de difusi\u00f3n, formaci\u00f3n y explotaci\u00f3n de resultados. Entre los productos de diseminaci\u00f3n de resultados destaca la elaboraci\u00f3n de una gu\u00eda t\u00e9cnica, art\u00edculos SCI y t\u00e9cnicos, participaci\u00f3n en ferias profesionales y en congresos t\u00e9cnico-cient\u00edficos y la coordinaci\u00f3n de jornadas de campo y de un seminario final.\u00a0La capacitaci\u00f3n\u00a0consistir\u00e1 en formaci\u00f3n dirigida al personal de las PYMEs participantes.\u00a0La explotaci\u00f3n comercial de resultados se basar\u00e1 en un \u00a0plan de gesti\u00f3n de derechos de propiedad intelectual\u00a0y en un\u00a0estudio de mercado.<\/p>\n<p><b>Otros medios de diseminaci\u00f3n de resultados del proyecto son la presente\u00a0p\u00e1gina web as\u00ed como boletines electr\u00f3nicos (newsletters), dirigidos a t\u00e9cnicos y usuarios potenciales de las nuevas t\u00e9cnicas.<br \/>\n<\/b><\/p>\n","protected":false},"excerpt":{"rendered":"<p>La GESTI\u00d3N\u00a0se organiza a trav\u00e9s del\u00a0WP1 &#8211; Coordinaci\u00f3n, dirigido por el coordinador del proyecto (CTFC). Esta fase (WP) es transversal a todas las actividades del proyecto y en ella participan todos los miembros del consorcio.\u00a0Con ello, se garantiza el cumplimiento<span class=\"ellipsis\">&hellip;<\/span><\/p>\n<div class=\"read-more\"><a href=\"https:\/\/sustaffor.eu\/?page_id=820\">Read more &#8250;<\/a><\/div>\n<p><!-- end of .read-more --><\/p>\n","protected":false},"author":1,"featured_media":0,"parent":825,"menu_order":0,"comment_status":"closed","ping_status":"closed","template":"","meta":{"_mi_skip_tracking":false,"_links_to":"","_links_to_target":""},"_links":{"self":[{"href":"https:\/\/sustaffor.eu\/index.php?rest_route=\/wp\/v2\/pages\/820"}],"collection":[{"href":"https:\/\/sustaffor.eu\/index.php?rest_route=\/wp\/v2\/pages"}],"about":[{"href":"https:\/\/sustaffor.eu\/index.php?rest_route=\/wp\/v2\/types\/page"}],"author":[{"embeddable":true,"href":"https:\/\/sustaffor.eu\/index.php?rest_route=\/wp\/v2\/users\/1"}],"replies":[{"embeddable":true,"href":"https:\/\/sustaffor.eu\/index.php?rest_route=%2Fwp%2Fv2%2Fcomments&post=820"}],"version-history":[{"count":5,"href":"https:\/\/sustaffor.eu\/index.php?rest_route=\/wp\/v2\/pages\/820\/revisions"}],"predecessor-version":[{"id":894,"href":"https:\/\/sustaffor.eu\/index.php?rest_route=\/wp\/v2\/pages\/820\/revisions\/894"}],"up":[{"embeddable":true,"href":"https:\/\/sustaffor.eu\/index.php?rest_route=\/wp\/v2\/pages\/825"}],"wp:attachment":[{"href":"https:\/\/sustaffor.eu\/index.php?rest_route=%2Fwp%2Fv2%2Fmedia&parent=820"}],"curies":[{"name":"wp","href":"https:\/\/api.w.org\/{rel}","templated":true}]}}