{"id":847,"date":"2014-12-01T09:50:30","date_gmt":"2014-12-01T09:50:30","guid":{"rendered":"https:\/\/sustaffor.eu\/?page_id=847"},"modified":"2016-07-19T12:20:56","modified_gmt":"2016-07-19T12:20:56","slug":"monitoreo-ensayos-de-campo-wp4","status":"publish","type":"page","link":"https:\/\/sustaffor.eu\/?page_id=847","title":{"rendered":"Seguimiento de los ensayos de campo (WP4)"},"content":{"rendered":"<p>Objetivos:<\/p>\n<ul>\n<li>Dise\u00f1ar y llevar a cabo la recopilaci\u00f3n de datos de todas las variables relevantes relacionadas con el estado de los \u00e1rboles, la din\u00e1mica del suelo y la degradaci\u00f3n de los mulches, con el fin de evaluar la eficacia de las nuevas t\u00e9cnicas.<\/li>\n<\/ul>\n<p>Tareas:<\/p>\n<ul>\n<li><a href=\"#\">[&#8220;4.1: Selecci\u00f3n de los equipos de seguimiento ambiental (EDMA, CTFC)&#8221;, &#8221; 4.1: Selecci\u00f3n de los equipos de seguimiento ambiental (EDMA, CTFC)&#8221;]<\/a><\/li>\n<\/ul>\n<div id=\"41\">\n<p>El seguimiento ambiental se centra en las variables que tienen m\u00e1s impacto en la supervivencia y crecimiento de los \u00e1rboles, y que pueden ser alteradas por los tratamientos aplicados (acondicionadores y cubiertas del suelo).\u00a0A continuaci\u00f3n, se muestra la lista de variables, as\u00ed como el m\u00e9todo de seguimiento:<\/p>\n<div><img decoding=\"async\" loading=\"lazy\" class=\"size-full wp-image-937 aligncenter\" alt=\"wp41_1\" src=\"https:\/\/sustaffor.eu\/wp-content\/uploads\/2014\/12\/wp41_1.jpg\" width=\"571\" height=\"375\" srcset=\"https:\/\/sustaffor.eu\/wp-content\/uploads\/2014\/12\/wp41_1.jpg 571w, https:\/\/sustaffor.eu\/wp-content\/uploads\/2014\/12\/wp41_1-300x197.jpg 300w\" sizes=\"(max-width: 571px) 100vw, 571px\" \/><\/div>\n<\/div>\n<ul>\n<li><a href=\"#\"> [&#8220;4.2: Instalaci\u00f3n en campo de las t\u00e9cnicas de seguimiento ambiental y de adquisici\u00f3n de datos\u00a0(EDMA,\u00a0CTFC)&#8221;, &#8220;4.2: Instalaci\u00f3n en campo de las t\u00e9cnicas de seguimiento ambiental y de adquisici\u00f3n de datos\u00a0(EDMA,\u00a0CTFC)&#8221;]<\/a><\/li>\n<\/ul>\n<div id=\"42\">\n<p style=\"padding-left: 30px;\">Los equipos de seguimiento ambiental se instalaron entre febrero y abril de 2014, en base al dise\u00f1o experimental descrito anteriormente.\u00a0Haga clic\u00a0<a title=\"Galeria de fotos\" href=\"https:\/\/sustaffor.eu\/?page_id=851\"><span style=\"text-decoration: underline;\">aqu\u00ed<\/span>\u00a0<\/a>para ver las fotos del equipo y el proceso de instalaci\u00f3n.<\/p>\n<\/div>\n<ul>\n<li><a href=\"#\"> [&#8220;4.3: Toma de datos del estado vegetativo de los \u00e1rboles\u00a0(CTFC)&#8221;, &#8220;4.3: Toma de datos del estado vegetativo de los \u00e1rboles\u00a0(CTFC)&#8221;]<\/a><\/li>\n<\/ul>\n<div id=\"43\">\n<p style=\"padding-left: 30px;\">El seguimiento del estado vegetativo de los \u00e1rboles durante el 2014 y 2015 incluye las siguientes variables y m\u00e9todos:<\/p>\n<p><img decoding=\"async\" loading=\"lazy\" class=\"size-full wp-image-938 aligncenter\" alt=\"wp43_1\" src=\"https:\/\/sustaffor.eu\/wp-content\/uploads\/2014\/12\/wp43_1.jpg\" width=\"567\" height=\"238\" srcset=\"https:\/\/sustaffor.eu\/wp-content\/uploads\/2014\/12\/wp43_1.jpg 567w, https:\/\/sustaffor.eu\/wp-content\/uploads\/2014\/12\/wp43_1-300x125.jpg 300w\" sizes=\"(max-width: 567px) 100vw, 567px\" \/><\/p>\n<\/div>\n<ul>\n<li><a href=\"#\"> [&#8220;4.4: Muestreo de suelos para an\u00e1lisis de laboratorio\u00a0\u00a0(CTFC, CNRS)&#8221;,&#8221;4.4: Muestreo de suelos para an\u00e1lisis de laboratorio (CTFC, CNRS)&#8221;]<\/a><\/li>\n<\/ul>\n<div id=\"44\">\n<p><span style=\"text-decoration: underline;\">Marzo &#8211; abril 2014<\/span> (antes de plantar): se realiza un muestreo preliminar (6 muestras x 8 ensayos de campo), con el objetivo de caracterizar las principales propiedades f\u00edsico-qu\u00edmicas del suelo: carbono org\u00e1nico total, carbonatos, textura, pH<\/p>\n<p><span style=\"text-decoration: underline;\">Noviembre 2014<\/span> (8 meses despu\u00e9s de plantar): nuevo muestreo, con el objetivo de caracterizar el efecto de los diferentes tratamientos sobre las propiedades ed\u00e1ficas. En cada ensayo de campo se recogen 6 cilindros de suelo con una barrena, en los 30 primeros cent\u00edmetros. Los cilindros se dividen in situ en tres profundidades: 0-10, 10-20 y 20-30 cm. Cada muestra (6 cilindros x 3 profundidades) se almacenan de manera independiente y se llevan al laboratorio.<\/p>\n<p><span style=\"text-decoration: underline;\">Junio 2015<\/span>\u00a0(15 meses despu\u00e9s de plantar): nuevo muestreo, similar al realizado en noviembre de 2014.<\/p>\n<div id=\"attachment_1094\" style=\"width: 588px\" class=\"wp-caption aligncenter\"><a href=\"https:\/\/sustaffor.eu\/wp-content\/uploads\/2013\/12\/wp44_1.jpg\"><img aria-describedby=\"caption-attachment-1094\" decoding=\"async\" loading=\"lazy\" class=\"size-full wp-image-1094 \" alt=\"Soil samples gathering\" src=\"https:\/\/sustaffor.eu\/wp-content\/uploads\/2013\/12\/wp44_1.jpg\" width=\"578\" height=\"337\" srcset=\"https:\/\/sustaffor.eu\/wp-content\/uploads\/2013\/12\/wp44_1.jpg 578w, https:\/\/sustaffor.eu\/wp-content\/uploads\/2013\/12\/wp44_1-300x174.jpg 300w\" sizes=\"(max-width: 578px) 100vw, 578px\" \/><\/a><p id=\"caption-attachment-1094\" class=\"wp-caption-text\">Extracci\u00f3n de los cilindros del suelo<\/p><\/div>\n<p>&nbsp;<\/p>\n<p>Para racionalizar la cantidad de an\u00e1lisis a realizar, las seis muestras de cada ensayo de campo de una misma profundidad se unen en tres muestras compuestas.<\/p>\n<div id=\"attachment_1095\" style=\"width: 794px\" class=\"wp-caption aligncenter\"><a href=\"https:\/\/sustaffor.eu\/wp-content\/uploads\/2013\/12\/wp44_2.jpg\"><img aria-describedby=\"caption-attachment-1095\" decoding=\"async\" loading=\"lazy\" class=\"size-full wp-image-1095 \" alt=\"Procedure for compositing samples\" src=\"https:\/\/sustaffor.eu\/wp-content\/uploads\/2013\/12\/wp44_2.jpg\" width=\"784\" height=\"369\" srcset=\"https:\/\/sustaffor.eu\/wp-content\/uploads\/2013\/12\/wp44_2.jpg 784w, https:\/\/sustaffor.eu\/wp-content\/uploads\/2013\/12\/wp44_2-300x141.jpg 300w\" sizes=\"(max-width: 784px) 100vw, 784px\" \/><\/a><p id=\"caption-attachment-1095\" class=\"wp-caption-text\">Procedimiento para preparar muestras compuestas<\/p><\/div>\n<p>Una vez en laboratorio, las muestras se secan al aire hasta que su peso es constante, y se tamizan a 2 mm, para someterlas a un an\u00e1lisis de fertilidad qu\u00edmica. Este an\u00e1lisis se centra en las principales variables que se espera que pudieran verse afectadas por los tratamientos aplicados:<\/p>\n<p><a href=\"https:\/\/sustaffor.eu\/wp-content\/uploads\/2014\/12\/wp44_3_es.jpg\"><img decoding=\"async\" loading=\"lazy\" class=\"aligncenter size-full wp-image-1098\" alt=\"wp44_3_es\" src=\"https:\/\/sustaffor.eu\/wp-content\/uploads\/2014\/12\/wp44_3_es.jpg\" width=\"856\" height=\"280\" srcset=\"https:\/\/sustaffor.eu\/wp-content\/uploads\/2014\/12\/wp44_3_es.jpg 856w, https:\/\/sustaffor.eu\/wp-content\/uploads\/2014\/12\/wp44_3_es-300x98.jpg 300w\" sizes=\"(max-width: 856px) 100vw, 856px\" \/><\/a><\/p>\n<p>La descripci\u00f3n complete de los an\u00e1lisis del suelo se puede consultar en la p\u00e1gina <a href=\"https:\/\/sustaffor.eu\/?page_id=849\">An\u00e1lisis de laboratorio<\/a>.<\/p>\n<\/div>\n","protected":false},"excerpt":{"rendered":"<p>Objetivos: Dise\u00f1ar y llevar a cabo la recopilaci\u00f3n de datos de todas las variables relevantes relacionadas con el estado de los \u00e1rboles, la din\u00e1mica del suelo y la degradaci\u00f3n de los mulches, con el fin de evaluar la eficacia de<span class=\"ellipsis\">&hellip;<\/span><\/p>\n<div class=\"read-more\"><a href=\"https:\/\/sustaffor.eu\/?page_id=847\">Read more &#8250;<\/a><\/div>\n<p><!-- end of .read-more --><\/p>\n","protected":false},"author":1,"featured_media":0,"parent":838,"menu_order":93,"comment_status":"closed","ping_status":"open","template":"","meta":{"_mi_skip_tracking":false,"_links_to":"","_links_to_target":""},"_links":{"self":[{"href":"https:\/\/sustaffor.eu\/index.php?rest_route=\/wp\/v2\/pages\/847"}],"collection":[{"href":"https:\/\/sustaffor.eu\/index.php?rest_route=\/wp\/v2\/pages"}],"about":[{"href":"https:\/\/sustaffor.eu\/index.php?rest_route=\/wp\/v2\/types\/page"}],"author":[{"embeddable":true,"href":"https:\/\/sustaffor.eu\/index.php?rest_route=\/wp\/v2\/users\/1"}],"replies":[{"embeddable":true,"href":"https:\/\/sustaffor.eu\/index.php?rest_route=%2Fwp%2Fv2%2Fcomments&post=847"}],"version-history":[{"count":15,"href":"https:\/\/sustaffor.eu\/index.php?rest_route=\/wp\/v2\/pages\/847\/revisions"}],"predecessor-version":[{"id":1378,"href":"https:\/\/sustaffor.eu\/index.php?rest_route=\/wp\/v2\/pages\/847\/revisions\/1378"}],"up":[{"embeddable":true,"href":"https:\/\/sustaffor.eu\/index.php?rest_route=\/wp\/v2\/pages\/838"}],"wp:attachment":[{"href":"https:\/\/sustaffor.eu\/index.php?rest_route=%2Fwp%2Fv2%2Fmedia&parent=847"}],"curies":[{"name":"wp","href":"https:\/\/api.w.org\/{rel}","templated":true}]}}