{"id":869,"date":"2014-12-01T10:14:01","date_gmt":"2014-12-01T10:14:01","guid":{"rendered":"https:\/\/sustaffor.eu\/?page_id=869"},"modified":"2020-06-03T06:32:39","modified_gmt":"2020-06-03T06:32:39","slug":"resultados-del-proyecto","status":"publish","type":"page","link":"https:\/\/sustaffor.eu\/?page_id=869","title":{"rendered":"<font color=\"#f8b332\">Resultados del proyecto<\/font>"},"content":{"rendered":"<h3><img decoding=\"async\" loading=\"lazy\" class=\"wp-image-1329 alignright\" alt=\"Gu\u00eda T\u00e9cnica\" src=\"https:\/\/sustaffor.eu\/wp-content\/uploads\/2014\/12\/portada_guia_es.jpg\" width=\"150\" height=\"213\" \/>1.\u00a0<b>Gu\u00eda t\u00e9cnica: Acondicionadores y cubiertas del suelo para una plantaci\u00f3n de \u00e1rboles m\u00e1s eficiente y sostenible<\/b><\/h3>\n<p><span style=\"text-decoration: underline;\">Descripci\u00f3n<\/span><\/p>\n<p>Manual ilustrado de 60 p\u00e1ginas que describe los problemas que suponen la sequ\u00eda y la vegetaci\u00f3n competidora en plantaci\u00f3n de \u00e1rboles, y las principales t\u00e9cnicas disponibles para evitar su efecto negativo. Se hace especial \u00e9nfasis en dos t\u00e9cnicas: los acondicionadores y las cubiertas del suelo, describiendo sus principales caracter\u00edsticas y versiones, as\u00ed como un an\u00e1lisis del coste de aplicaci\u00f3n de estas t\u00e9cnicas frente a otras de referencia, en una amplia variedad de escenarios de plantaci\u00f3n de \u00e1rboles.<\/p>\n<p><a href=\"https:\/\/sustaffor.eu\/docs\/Guia_tecnica_Acondicionadores+acolchados_Coello-Pique_2016_Sustaffor.pdf\" target=\"_blank\">Descargar en alta definici\u00f3n (30 mb)<\/a><\/p>\n<p><a href=\"https:\/\/sustaffor.eu\/wp-content\/uploads\/2016\/04\/Guia_tecnica_Acondicionadores+acolchados_Coello-Pique_2016_Sustaffor_Baja_resolucion.pdf\" target=\"_blank\">Descargar en baja definici\u00f3n (3 mb)<\/a><\/p>\n<h3><a href=\"https:\/\/sustaffor.eu\/wp-content\/uploads\/2016\/04\/Guia_tecnica_Acondicionadores+acolchados_Coello-Pique_2016_Sustaffor_Baja-definicion.pdf\" target=\"_blank\"><b>2. <b>Art\u00edculos (revistas t\u00e9cnicas y cient\u00edficas e informes no publicados)<\/b><br \/>\n<\/b><\/a><\/h3>\n<p>Se ha publicado un total de 8 art\u00edculos t\u00e9cnicos y cient\u00edficos en publicaciones de diverso \u00e1mbito geogr\u00e1fico.<\/p>\n<div id=\"3-link-869\" class=\"sh-link 3-link sh-hide\"><a href=\"#\" onclick=\"showhide_toggle('3', 869, 'Lista de art\u00edculos', 'Lista de art\u00edculos'); return false;\" aria-expanded=\"false\"><span id=\"3-toggle-869\">Lista de art\u00edculos<\/span><\/a><\/div><div id=\"3-content-869\" class=\"sh-content 3-content sh-hide\" style=\"display: none;\"><\/p>\n<p>&#8211; Coello J, Piqu\u00e9 M, Rovira P, Fuentes C, Ameztegui A. 2018. <strong>Combining innovative mulches and soil conditioners in mountain afforestation with ash (Fraxinus excelsior L.) in the Pyrenees (NE Spain)<\/strong>. Forest systems 27(3), e017, 13 pages<\/p>\n<p>&#8211; Coello J, Ameztegui A, Rovira P, Fuentes C, Piqu\u00e9 M. 2018. <strong>Innovative soil conditioners and mulches for forest restoration in semiarid conditions in northeast Spain<\/strong>. Ecological engineering 118: 52-65<\/p>\n<p>&#8211; Vitone A, Coello J, Piqu\u00e9 M, Rovira P. 2016.\u00a0<b>Use of innovative groundcovers in Mediterranean afforestations: aerial and belowground effects in hybrid walnut.\u00a0<\/b>Annals of Silvicultural Research. 40 (2): 134-147.\u00a0<a href=\"https:\/\/sustaffor.eu\/wp-content\/uploads\/2016\/11\/Vitone-et-al-2016.pdf\" target=\"_blank\">Descargar<\/a>\u00a0(ingl\u00e9s)<\/p>\n<p>&#8211; Coello J, Piqu\u00e9 M, Rovira P, Fuentes C. 2016. <b>Int\u00e9r\u00eat de l\u2019amendement et du paillage pour les plantations foresti\u00e8res en r\u00e9gion m\u00e9diterran\u00e9enne : le projet FP7 Sustaffor<\/b>. For\u00eat-M\u00e9diterran\u00e9ene 37 (1): 25-34. <a href=\"http:\/\/www.foret-mediterraneenne.org\/fr\/publications\/revue-foret-mediterraneenne\" target=\"_blank\">Enlace a la revista<\/a> (franc\u00e9s)<\/p>\n<p>&#8211; Coello J, Rovira P, Fuentes C, Piqu\u00e9 M. 2016.<b> Eficacia y sostenibilidad en restauraci\u00f3n forestal: nuevos acondicionadores y cubiertas del suelo<\/b>. Cuadernos de la Sociedad Espa\u00f1ola de Ciencias Forestales 42: 41-60. <a href=\"http:\/\/secforestales.org\/publicaciones\/index.php\/cuadernos_secf\/article\/view\/17422\/17223\" target=\"_blank\">Descargar<\/a><\/p>\n<p>&#8211; Coello J, Piqu\u00e9 M. 2016. <b>Condicionadors i cobertes del s\u00f2l per a plantacions forestals m\u00e9s sostenibles i eficients<\/b>. Silvicultura 73: 26-31.\u00a0<a href=\"http:\/\/cpf.gencat.cat\/web\/.content\/or_organismes\/or04_centre_propietat_forestal\/01_organisme\/publicacions\/revista_silvicultura\/numeros_publicats\/documents\/Silvicultura-73.pdf\" target=\"_blank\">Descargar <\/a>(Catal\u00e1n)<\/p>\n<p>&#8211; Coello J, Cortina J, Valdecantos A and Varela E. 2015.\u00a0<b>Forest landscape restoration experiences in southern Europe: sustainable techniques for enhancing early tree performance<\/b>. Unasylva 245, Vol 66(3): 82-90. <a href=\"https:\/\/sustaffor.eu\/wp-content\/uploads\/2013\/12\/Coello-et-al-2015_Unasylva-245.pdf\">Descargar<\/a> (ingl\u00e9s)<\/p>\n<p>&#8211; Coello J, Rovira P, Fuentes C. and Piqu\u00e9 M. 2015.\u00a0<strong>Proyecto Sustaffor: acondicionadores de suelo y acolchados para plantaciones<\/strong>. Navarra Forestal 37: 35-37. <a href=\"https:\/\/sustaffor.eu\/wp-content\/uploads\/2016\/02\/Sustaffor_NavarraForestal-37__Dec2015.pdf\">Descargar<\/a><\/p>\n<p>&#8211; Coello J, Piqu\u00e9 M, Rovira P and Fuentes C. 2015.\u00a0<strong>Innovaci\u00f3 en t\u00e8cniques sostenibles de reforestaci\u00f3<\/strong>. Catalunya Forestal 126: 5-10. <a href=\"https:\/\/sustaffor.eu\/wp-content\/uploads\/2016\/01\/Coello_et_al_CatForestal_126_2015.pdf\">Descargar<\/a> (Catal\u00e1n)<\/p>\n<p>&#8211; Coello J, Fuentes C, Piqu\u00e9 M. 2015. <strong>Innovative soil conditioning and mulching techniques for forest restoration in Mediterranean conditions<\/strong>. In: Ivetic V., Stankovic D. (eds.) Proceedings: International conference Reforestation Challenges. 3-6 June 2015, Belgrade, Serbia. Reforesta. 201-210. <a href=\"https:\/\/sustaffor.eu\/wp-content\/uploads\/2013\/12\/Proceedings_Coello-Fuentes-Pique_ReforestationChallenges.pdf\">Descargar<\/a> (ingl\u00e9s)<strong><\/strong><\/p>\n<p>Informes no publicados:<\/p>\n<p>&#8211; Pere Rovira (CTFC) y Laurent Grasset (CNRS) han preparado un informe con los principales resultados de las Tareas 5.1 y 5.2: an\u00e1liis de suelos: evoluci\u00f3n del carbono ed\u00e1fico y del fraccionamiento de la materia org\u00e1nica en los ensayos de campo del proyecto Sustaffor.\u00a0Descargar (ingl\u00e9s)<\/p>\n<p>&#8211; Luc Ruys (Centexbel) ha preparado un informe con los principales resultados de la Tarea 5.3: propiedades f\u00edsicas de las cubiertas del suelo y evaluaci\u00f3n de su degradabilidad.\u00a0<a href=\"https:\/\/sustaffor.eu\/wp-content\/uploads\/2016\/02\/Sustaffor_Results_Mulching_Degradation_5.3.pdf\" target=\"_blank\">Descargar<\/a> (ingl\u00e9s)<strong><\/strong><\/p>\n<p><\/div>\n<h3><b>3. <b>V\u00eddeo del proyecto<\/b><br \/>\n<\/b><\/h3>\n<p><b>&#8211; Sustaffor en menos de 5 minutos<\/b><strong>. <\/strong>Un v\u00eddeo-presentaci\u00f3n que resume los objetivos, t\u00e9cnicas y resultados del proyecto. (En ingl\u00e9s)<strong><\/strong><\/p>\n<p><iframe loading=\"lazy\" src=\"https:\/\/www.youtube.com\/embed\/BDV3AtNdWeA\" height=\"315\" width=\"560\" allowfullscreen=\"\" frameborder=\"0\"><\/iframe><\/p>\n<p>&nbsp;<\/p>\n<h3><b><b>4.\u00a0<\/b><b>Fichas individuales describiendo cada t\u00e9cnica innovadora desarrollada durante el proyecto<\/b><br \/>\n<\/b><\/h3>\n<div id=\"attachment_1284\" style=\"width: 110px\" class=\"wp-caption alignleft\"><a href=\"https:\/\/sustaffor.eu\/wp-content\/uploads\/2016\/03\/TERRACOTTEM_ES-.pdf\" target=\"_blank\"><img aria-describedby=\"caption-attachment-1284\" decoding=\"async\" loading=\"lazy\" class=\"size-full wp-image-1284  \" alt=\"Novel soil conditioner (TerraCottem Internacional) \" src=\"https:\/\/sustaffor.eu\/wp-content\/uploads\/2016\/03\/TERRACOTTEM_EN-1.jpg\" width=\"100\" height=\"138\" \/><\/a><p id=\"caption-attachment-1284\" class=\"wp-caption-text\">Nuevo acondicionador del suelo<br \/>(TerraCottem Internacional)<\/p><\/div>\n<div id=\"attachment_1285\" style=\"width: 110px\" class=\"wp-caption alignleft\"><a href=\"https:\/\/sustaffor.eu\/wp-content\/uploads\/2016\/03\/DTC_ES-.pdf\" target=\"_blank\"><img aria-describedby=\"caption-attachment-1285\" decoding=\"async\" loading=\"lazy\" class=\"size-full wp-image-1285 \" alt=\"Novel biopolymer-based groundcover (DTC)\" src=\"https:\/\/sustaffor.eu\/wp-content\/uploads\/2016\/03\/DTC_EN-1.jpg\" width=\"100\" height=\"138\" \/><\/a><p id=\"caption-attachment-1285\" class=\"wp-caption-text\">Nueva cubierta biodegradable de biopol\u00edmeros<br \/>(DTC)<\/p><\/div>\n<div id=\"attachment_1283\" style=\"width: 110px\" class=\"wp-caption alignleft\"><a href=\"https:\/\/sustaffor.eu\/wp-content\/uploads\/2016\/03\/LA-ZELOISE_ES-.pdf\" target=\"_blank\"><img aria-describedby=\"caption-attachment-1283\" decoding=\"async\" loading=\"lazy\" class=\"size-full wp-image-1283 \" alt=\"Novel woven jute groundcover (La Zeloise)\" src=\"https:\/\/sustaffor.eu\/wp-content\/uploads\/2016\/03\/LA-ZELOISE_EN-1.jpg\" width=\"100\" height=\"138\" \/><\/a><p id=\"caption-attachment-1283\" class=\"wp-caption-text\">Nueva cubierta biodegradable en yute tejido<br \/>(La Zeloise)<\/p><\/div>\n<div id=\"attachment_1282\" style=\"width: 110px\" class=\"wp-caption alignleft\"><a href=\"https:\/\/sustaffor.eu\/wp-content\/uploads\/2016\/03\/ECORUB_ES-.pdf\" target=\"_blank\"><img aria-describedby=\"caption-attachment-1282\" decoding=\"async\" loading=\"lazy\" class=\"size-full wp-image-1282 \" alt=\"Novel recycled rubber groundcover (EcoRub)\" src=\"https:\/\/sustaffor.eu\/wp-content\/uploads\/2016\/03\/ECORUB_EN-1.jpg\" width=\"100\" height=\"138\" \/><\/a><p id=\"caption-attachment-1282\" class=\"wp-caption-text\">Nueva cubierta de larga duraci\u00f3n en goma reciclada<br \/>(EcoRub)<\/p><\/div>\n<p>&nbsp;<\/p>\n<p>&nbsp;<\/p>\n<p>&nbsp;<\/p>\n<p>&nbsp;<\/p>\n<p>&nbsp;<\/p>\n<p>&nbsp;<\/p>\n<p>&nbsp;<\/p>\n<p>&nbsp;<\/p>\n<p>&nbsp;<\/p>\n<h3><strong><b>5. <\/b>Otros productos de diseminaci\u00f3n son el tr\u00edptico y el p\u00f3ster del proyecto, as\u00ed como los boletines informativos peri\u00f3dicos.<\/strong><\/h3>\n<div id=\"attachment_958\" style=\"width: 185px\" class=\"wp-caption alignleft\"><a href=\"https:\/\/sustaffor.eu\/wp-content\/uploads\/2015\/02\/Triptico-sustaffor_ES.pdf\"><img aria-describedby=\"caption-attachment-958\" decoding=\"async\" loading=\"lazy\" class=\"size-full wp-image-958\" title=\"Tr\u00edptico del proyecto\" alt=\"fulleto\u0315 sustaffor.indd\" src=\"https:\/\/sustaffor.eu\/wp-content\/uploads\/2014\/12\/Brochure_Sustaffor_EN.jpg\" width=\"175\" height=\"175\" \/><\/a><p id=\"caption-attachment-958\" class=\"wp-caption-text\">Tr\u00edptico del proyecto<\/p><\/div>\n<div id=\"attachment_959\" style=\"width: 95px\" class=\"wp-caption alignleft\"><a href=\"https:\/\/sustaffor.eu\/wp-content\/uploads\/2015\/02\/Poster_Sustaffor_ES.pdf\"><img aria-describedby=\"caption-attachment-959\" decoding=\"async\" loading=\"lazy\" class=\"size-full wp-image-959\" title=\"P\u00f3ster del Proyecto\" alt=\"roll-up susatffor 3_ES.indd\" src=\"https:\/\/sustaffor.eu\/wp-content\/uploads\/2014\/12\/Poster_Sustaffor_ES.jpg\" width=\"85\" height=\"200\" \/><\/a><p id=\"caption-attachment-959\" class=\"wp-caption-text\">P\u00f3ster del proyecto<\/p><\/div>\n<p>&nbsp;<\/p>\n<p>&nbsp;<\/p>\n<p>&nbsp;<\/p>\n<p>&nbsp;<\/p>\n<p>&nbsp;<\/p>\n<p>&nbsp;<\/p>\n<p>&nbsp;<\/p>\n<p>&nbsp;<\/p>\n<p>&nbsp;<\/p>\n<p>Boletines informativos (Newsletters)<\/p>\n<div id=\"attachment_773\" style=\"width: 134px\" class=\"wp-caption alignleft\"><a href=\"https:\/\/sustaffor.eu\/wp-content\/uploads\/2014\/08\/Sustaffor_Newsletter1.pdf\" target=\"_blank\"><img aria-describedby=\"caption-attachment-773\" decoding=\"async\" loading=\"lazy\" class=\"size-full wp-image-773\" alt=\"Microsoft Word - Sustaffor_Newsletter1.doc\" src=\"https:\/\/sustaffor.eu\/wp-content\/uploads\/2014\/05\/portada_Sustaffor_Newsletter1.jpg\" width=\"124\" height=\"175\" \/><\/a><p id=\"caption-attachment-773\" class=\"wp-caption-text\">Newsletter 1: Sustaffor project launched!<\/p><\/div>\n<div id=\"attachment_777\" style=\"width: 134px\" class=\"wp-caption alignleft\"><a href=\"https:\/\/sustaffor.eu\/wp-content\/uploads\/2014\/08\/Sustaffor_Newsletter2.pdf\" target=\"_blank\"><img aria-describedby=\"caption-attachment-777\" decoding=\"async\" loading=\"lazy\" class=\"size-full wp-image-777\" alt=\"Microsoft Word - Sustaffor_Newsletter2.doc\" src=\"https:\/\/sustaffor.eu\/wp-content\/uploads\/2014\/02\/portada_Sustaffor_Newsletter2.jpg\" width=\"124\" height=\"175\" \/><\/a><p id=\"caption-attachment-777\" class=\"wp-caption-text\">Newsletter 2: Sustaffor field trials accomplished!<\/p><\/div>\n<div id=\"attachment_777\" style=\"width: 134px\" class=\"wp-caption alignleft\"><a href=\"https:\/\/sustaffor.eu\/wp-content\/uploads\/2015\/03\/Sustaffor_Newsletter3.pdf\" target=\"_blank\"><img aria-describedby=\"caption-attachment-777\" decoding=\"async\" loading=\"lazy\" class=\"size-full wp-image-777\" alt=\"Microsoft Word - Sustaffor_Newsletter2.doc\" src=\"https:\/\/sustaffor.eu\/wp-content\/uploads\/2015\/03\/Sustaffor_Newsletter3_frontpage.jpg\" width=\"124\" height=\"175\" \/><\/a><p id=\"caption-attachment-777\" class=\"wp-caption-text\">Sustaffor_Newsletter3: Sustaffor field trials monitoring<\/p><\/div>\n<div id=\"attachment_777\" style=\"width: 134px\" class=\"wp-caption alignleft\"><a href=\"https:\/\/sustaffor.eu\/wp-content\/uploads\/2015\/07\/Sustaffor_Newsletter-4.pdf\" target=\"_blank\"><img aria-describedby=\"caption-attachment-777\" decoding=\"async\" loading=\"lazy\" class=\"size-full wp-image-777 \" alt=\"Sustaffor_Newsletter-4.pdf\" src=\"https:\/\/sustaffor.eu\/wp-content\/uploads\/2014\/12\/portada_Sustaffor_Newsletter4.jpg\" width=\"124\" height=\"175\" \/><\/a><p id=\"caption-attachment-777\" class=\"wp-caption-text\">Sustaffor_Newsletter4: Some preliminary results from the first vegetative period (2014)<\/p><\/div>\n<div id=\"attachment_1272\" style=\"width: 137px\" class=\"wp-caption alignleft\"><a href=\"https:\/\/sustaffor.eu\/wp-content\/uploads\/2013\/12\/Sustaffor_Newsletter5.pdf\"><img aria-describedby=\"caption-attachment-1272\" decoding=\"async\" loading=\"lazy\" class=\"size-full wp-image-1272 \" alt=\"SustAffor - Newsletter 5 : Sustaffor comes to an end...here are some of the main conclusions\" src=\"https:\/\/sustaffor.eu\/wp-content\/uploads\/2013\/12\/portadaSustaffor_Newsletter5.jpg\" width=\"127\" height=\"175\" \/><\/a><p id=\"caption-attachment-1272\" class=\"wp-caption-text\">SustAffor &#8211; Newsletter 5 : Sustaffor comes to an end&#8230;here are some of the main conclusions<\/p><\/div>\n<p>&nbsp;<\/p>\n<p>&nbsp;<\/p>\n","protected":false},"excerpt":{"rendered":"<p>1.\u00a0Gu\u00eda t\u00e9cnica: Acondicionadores y cubiertas del suelo para una plantaci\u00f3n de \u00e1rboles m\u00e1s eficiente y sostenible Descripci\u00f3n Manual ilustrado de 60 p\u00e1ginas que describe los problemas que suponen la sequ\u00eda y la vegetaci\u00f3n competidora en plantaci\u00f3n de \u00e1rboles, y las<span class=\"ellipsis\">&hellip;<\/span><\/p>\n<div class=\"read-more\"><a href=\"https:\/\/sustaffor.eu\/?page_id=869\">Read more &#8250;<\/a><\/div>\n<p><!-- end of .read-more --><\/p>\n","protected":false},"author":1,"featured_media":0,"parent":0,"menu_order":6,"comment_status":"closed","ping_status":"closed","template":"","meta":{"_mi_skip_tracking":false,"_links_to":"","_links_to_target":""},"_links":{"self":[{"href":"https:\/\/sustaffor.eu\/index.php?rest_route=\/wp\/v2\/pages\/869"}],"collection":[{"href":"https:\/\/sustaffor.eu\/index.php?rest_route=\/wp\/v2\/pages"}],"about":[{"href":"https:\/\/sustaffor.eu\/index.php?rest_route=\/wp\/v2\/types\/page"}],"author":[{"embeddable":true,"href":"https:\/\/sustaffor.eu\/index.php?rest_route=\/wp\/v2\/users\/1"}],"replies":[{"embeddable":true,"href":"https:\/\/sustaffor.eu\/index.php?rest_route=%2Fwp%2Fv2%2Fcomments&post=869"}],"version-history":[{"count":36,"href":"https:\/\/sustaffor.eu\/index.php?rest_route=\/wp\/v2\/pages\/869\/revisions"}],"predecessor-version":[{"id":1414,"href":"https:\/\/sustaffor.eu\/index.php?rest_route=\/wp\/v2\/pages\/869\/revisions\/1414"}],"wp:attachment":[{"href":"https:\/\/sustaffor.eu\/index.php?rest_route=%2Fwp%2Fv2%2Fmedia&parent=869"}],"curies":[{"name":"wp","href":"https:\/\/api.w.org\/{rel}","templated":true}]}}