{"id":884,"date":"2014-12-01T10:24:54","date_gmt":"2014-12-01T10:24:54","guid":{"rendered":"https:\/\/sustaffor.eu\/?page_id=884"},"modified":"2015-10-27T14:45:06","modified_gmt":"2015-10-27T14:45:06","slug":"ceres-international-sp","status":"publish","type":"page","link":"https:\/\/sustaffor.eu\/?page_id=884","title":{"rendered":"Ceres International Sp"},"content":{"rendered":"<p><img decoding=\"async\" loading=\"lazy\" class=\"size-full wp-image-53 alignleft\" style=\"margin-left: 30px; margin-right: 30px;\" alt=\"Ceres\" src=\"https:\/\/sustaffor.eu\/wp-content\/uploads\/2013\/12\/Ceres.jpg\" width=\"180\" height=\"125\" \/><\/p>\n<p><strong><a href=\"http:\/\/www.ceres.pl\/\" target=\"_blank\">www.ceres.pl<\/a><\/strong><\/p>\n<p>Polna 29, PL-62310 Pyzdry, Poland<\/p>\n<p>+48 63 276 83 10<\/p>\n<p>&nbsp;<\/p>\n<table class=\"fitxa\" width=\"100%\" border=\"0\">\n<tbody>\n<tr>\n<th width=\"16%\">Contacto<\/th>\n<th width=\"16%\">Posici\u00f3n<\/th>\n<th width=\"16%\">Correo electr\u00f3nico<\/th>\n<\/tr>\n<tr>\n<td width=\"16%\">Maciej Juchacz<\/td>\n<td width=\"16%\"><\/td>\n<td width=\"16%\"><a href=\"mailto:ceres@data.pl\">ceres<img decoding=\"async\" alt=\"\" src=\"images\/arroba.png\" border=\"0\" \/>data.pl<\/a><\/td>\n<\/tr>\n<tr>\n<td width=\"16%\">Bart\u0142omiej Szalbierz<\/td>\n<td width=\"16%\"><i>Management Assistant <\/i><\/td>\n<td width=\"16%\"><a href=\"mailto:ceres@ceres.pl\">ceres<img decoding=\"async\" alt=\"\" src=\"images\/arroba.png\" border=\"0\" \/>ceres.pl<\/a><\/td>\n<\/tr>\n<\/tbody>\n<\/table>\n","protected":false},"excerpt":{"rendered":"<p>www.ceres.pl Polna 29, PL-62310 Pyzdry, Poland +48 63 276 83 10 &nbsp; Contacto Posici\u00f3n Correo electr\u00f3nico Maciej Juchacz ceresdata.pl Bart\u0142omiej Szalbierz Management Assistant ceresceres.pl<\/p>\n","protected":false},"author":1,"featured_media":0,"parent":828,"menu_order":26,"comment_status":"closed","ping_status":"open","template":"full-width-page.php","meta":{"_mi_skip_tracking":false,"_links_to":"","_links_to_target":""},"_links":{"self":[{"href":"https:\/\/sustaffor.eu\/index.php?rest_route=\/wp\/v2\/pages\/884"}],"collection":[{"href":"https:\/\/sustaffor.eu\/index.php?rest_route=\/wp\/v2\/pages"}],"about":[{"href":"https:\/\/sustaffor.eu\/index.php?rest_route=\/wp\/v2\/types\/page"}],"author":[{"embeddable":true,"href":"https:\/\/sustaffor.eu\/index.php?rest_route=\/wp\/v2\/users\/1"}],"replies":[{"embeddable":true,"href":"https:\/\/sustaffor.eu\/index.php?rest_route=%2Fwp%2Fv2%2Fcomments&post=884"}],"version-history":[{"count":2,"href":"https:\/\/sustaffor.eu\/index.php?rest_route=\/wp\/v2\/pages\/884\/revisions"}],"predecessor-version":[{"id":929,"href":"https:\/\/sustaffor.eu\/index.php?rest_route=\/wp\/v2\/pages\/884\/revisions\/929"}],"up":[{"embeddable":true,"href":"https:\/\/sustaffor.eu\/index.php?rest_route=\/wp\/v2\/pages\/828"}],"wp:attachment":[{"href":"https:\/\/sustaffor.eu\/index.php?rest_route=%2Fwp%2Fv2%2Fmedia&parent=884"}],"curies":[{"name":"wp","href":"https:\/\/api.w.org\/{rel}","templated":true}]}}