{"id":888,"date":"2014-12-02T08:46:29","date_gmt":"2014-12-02T08:46:29","guid":{"rendered":"https:\/\/sustaffor.eu\/?page_id=888"},"modified":"2015-10-27T14:45:07","modified_gmt":"2015-10-27T14:45:07","slug":"centre-national-de-la-recherche-scientifique","status":"publish","type":"page","link":"https:\/\/sustaffor.eu\/?page_id=888","title":{"rendered":"Centre National de la Recherche Scientifique"},"content":{"rendered":"<p><img decoding=\"async\" loading=\"lazy\" class=\"alignleft  wp-image-54\" style=\"margin-left: 30px; margin-right: 30px;\" alt=\"CNRS\" src=\"https:\/\/sustaffor.eu\/wp-content\/uploads\/2013\/12\/CNRS.jpg\" width=\"144\" height=\"144\" srcset=\"https:\/\/sustaffor.eu\/wp-content\/uploads\/2013\/12\/CNRS.jpg 180w, https:\/\/sustaffor.eu\/wp-content\/uploads\/2013\/12\/CNRS-150x150.jpg 150w\" sizes=\"(max-width: 144px) 100vw, 144px\" \/><\/p>\n<p><strong><a href=\"http:\/\/ic2mp.labo.univ-poitiers.fr\/\" target=\"_blank\">ic2mp.labo.univ-poitiers.fr<\/a><\/strong><\/p>\n<p>4 rue M. Brunet F-86022 Poitiers, France<\/p>\n<p>+33 (0) 5 49 45 37 59<\/p>\n<p>Avenue de la Recherche scientifique 3E, F-45071 Orl\u00e9ans, France<\/p>\n<p>+33 (0) 2 38 25 52 00<\/p>\n<table class=\"fitxa\" width=\"100%\" border=\"0\">\n<tbody>\n<tr>\n<th width=\"16%\">Contacto<\/th>\n<th width=\"16%\">Posici\u00f3n<\/th>\n<th width=\"16%\">Correo electr\u00f3nico<\/th>\n<\/tr>\n<tr>\n<td width=\"16%\">Dr. Laurent Grasset<\/td>\n<td width=\"16%\">\u00a0<i>Assistant Professor in Organic Geochemistry<\/i><\/td>\n<td width=\"16%\"><a href=\"mailto:laurent.grasset@univ-poitiers.fr\">laurent.grasset<img decoding=\"async\" alt=\"\" src=\"images\/arroba.png\" border=\"0\" \/>univ-poitiers.fr<\/a><\/td>\n<\/tr>\n<tr>\n<td width=\"16%\">Mr. Patrice Soullie<\/td>\n<td width=\"16%\"><i>CNRS Regional Representative<\/i><\/td>\n<td width=\"16%\"><a href=\"mailto:delegue@dr8.cnrs.fr\">delegue<img decoding=\"async\" alt=\"\" src=\"images\/arroba.png\" border=\"0\" \/>dr8.cnrs.fr<\/a><\/td>\n<\/tr>\n<\/tbody>\n<\/table>\n","protected":false},"excerpt":{"rendered":"<p>ic2mp.labo.univ-poitiers.fr 4 rue M. Brunet F-86022 Poitiers, France +33 (0) 5 49 45 37 59 Avenue de la Recherche scientifique 3E, F-45071 Orl\u00e9ans, France +33 (0) 2 38 25 52 00 Contacto Posici\u00f3n Correo electr\u00f3nico Dr. Laurent Grasset \u00a0Assistant Professor<span class=\"ellipsis\">&hellip;<\/span><\/p>\n<div class=\"read-more\"><a href=\"https:\/\/sustaffor.eu\/?page_id=888\">Read more &#8250;<\/a><\/div>\n<p><!-- end of .read-more --><\/p>\n","protected":false},"author":1,"featured_media":0,"parent":828,"menu_order":29,"comment_status":"closed","ping_status":"open","template":"full-width-page.php","meta":{"_mi_skip_tracking":false,"_links_to":"","_links_to_target":""},"_links":{"self":[{"href":"https:\/\/sustaffor.eu\/index.php?rest_route=\/wp\/v2\/pages\/888"}],"collection":[{"href":"https:\/\/sustaffor.eu\/index.php?rest_route=\/wp\/v2\/pages"}],"about":[{"href":"https:\/\/sustaffor.eu\/index.php?rest_route=\/wp\/v2\/types\/page"}],"author":[{"embeddable":true,"href":"https:\/\/sustaffor.eu\/index.php?rest_route=\/wp\/v2\/users\/1"}],"replies":[{"embeddable":true,"href":"https:\/\/sustaffor.eu\/index.php?rest_route=%2Fwp%2Fv2%2Fcomments&post=888"}],"version-history":[{"count":2,"href":"https:\/\/sustaffor.eu\/index.php?rest_route=\/wp\/v2\/pages\/888\/revisions"}],"predecessor-version":[{"id":932,"href":"https:\/\/sustaffor.eu\/index.php?rest_route=\/wp\/v2\/pages\/888\/revisions\/932"}],"up":[{"embeddable":true,"href":"https:\/\/sustaffor.eu\/index.php?rest_route=\/wp\/v2\/pages\/828"}],"wp:attachment":[{"href":"https:\/\/sustaffor.eu\/index.php?rest_route=%2Fwp%2Fv2%2Fmedia&parent=888"}],"curies":[{"name":"wp","href":"https:\/\/api.w.org\/{rel}","templated":true}]}}